+ 7*t**2 + 6*t. Let u be f(-4). Suppose -u - 6 = -5*j. What is the highest common factor of j and 6?
6
Let y be ((-6)/(-12))/((-1)/38). Let j = y + 59. What is the greatest common divisor of 5 and j?
5
Let l(u) = u**3 + 7*u**2 + 7*u + 1. Let r be l(-5). Let k = -3 + r. Calculate the greatest common factor of k and 13.
13
Let u be (-101)/(-9) - 10/45. Let g = u + -3. What is the greatest common divisor of g and 1?
1
Let f(q) = 10*q**2 + 2*q - 3. Let x be f(2). Suppose 0 = 5*n + x + 9. Let s be (-4)/n + 72/45. What is the greatest common factor of 5 and s?
1
Let j be (-642)/(-42) - (-6)/(-21). Calculate the highest common divisor of 165 and j.
15
Let n be (-15)/(-6)*(-37 - -1). Let y be (9/6)/((-1)/n). What is the highest common factor of y and 15?
15
Let q be (-2)/(-3)*(-60)/(-8). Let p be (-1)/(-5) + 804/q. Let c = p + -95. Calculate the highest common factor of c and 6.
6
Let h(n) be the third derivative of -n**4/4 - n**3 - 2*n**2. Let f be h(-4). What is the greatest common divisor of f and 45?
9
Let l be (-5 - -7)/(2/5). Calculate the greatest common divisor of l and 20.
5
Let y = -38 + 203. What is the greatest common factor of 15 and y?
15
Suppose 4*g - 23 = -3. Suppose -g*h + 9 = -11. Suppose -h*j = -5*j + 4. What is the greatest common factor of 32 and j?
4
Let j be 9/(-6)*(-1 + -1). Let p = -2 + j. Suppose -2*n + 4*q = -6, 5*q + 13 = 4*n + p. Calculate the highest common divisor of 15 and n.
3
Suppose 2*t = 164 - 68. What is the highest common factor of 16 and t?
16
Suppose 127 - 642 = -5*m. Let q = m - 58. Suppose -26 = 5*i - 71. Calculate the greatest common divisor of i and q.
9
Suppose 0*w - 5*w + 280 = 0. Let x(f) = -f + 25. Let z be x(11). What is the highest common divisor of z and w?
14
Let o(p) = 19*p + 2. Let c be o(1). Calculate the highest common factor of 63 and c.
21
Suppose g - 2*g = -134. Let t = -78 + g. What is the highest common divisor of 7 and t?
7
Let p(a) = a + 7. Let d be p(-7). Suppose -6*c + 9*c - 150 = d. Calculate the greatest common divisor of c and 10.
10
Let t(f) = -3*f + 11. Let k(b) = b - 1. Let r(s) = -k(s) - t(s). Let i be r(11). Let j be 6*6/(0 + 1). What is the highest common factor of i and j?
12
Suppose 0 = -4*h + 285 - 57. Suppose 5*m + 6 - 21 = 0, 0 = -2*y - m + h. Calculate the greatest common divisor of 3 and y.
3
Suppose -4*g - 27 = -3*f, -56 = -5*f + g + 2*g. What is the greatest common factor of 117 and f?
13
Let i = -5 - 4. Let l = i - -34. Calculate the highest common factor of l and 5.
5
Let k be (6/(-15))/((-3)/15). Calculate the greatest common factor of k and 22.
2
Let z(a) = -38*a - 1. Let k be z(-2). Calculate the greatest common factor of 30 and k.
15
Suppose 0 = -4*b + 8, 0 = 4*c + 3*b - 5*b - 40. What is the greatest common factor of 99 and c?
11
Let s = 16 - -48. Suppose 5*z + 10 = 0, 28 = 3*v - 0*v - 2*z. What is the highest common divisor of s and v?
8
Suppose 34 = -8*t + 10*t. What is the highest common divisor of 119 and t?
17
Suppose 0*b = 2*b - 36. Let o = 317 - 155. Calculate the highest common divisor of b and o.
18
Let i = -3 - -8. Let z be 7/2*(i - -5). What is the highest common divisor of 14 and z?
7
Let f be (135/(-10) + 3)*4/(-6). Calculate the greatest common divisor of f and 56.
7
Suppose -8*l + 57 = -5*l. What is the highest common divisor of 209 and l?
19
Let j = 34 + -27. What is the highest common factor of j and 49?
7
Let r be (14/5 - 2)*5. Let w be ((-6)/15)/(1/5). Let z be 170/6 + w/6. Calculate the greatest common factor of z and r.
4
Let r = 28 - 20. Suppose 4*b = 4 + r. Let x(i) = -7*i + 3. Let a be x(-3). What is the greatest common divisor of b and a?
3
Let v(a) = 3*a + 42. Let g be v(30). What is the highest common factor of 11 and g?
11
Let j be (-2550)/(-40) - (-1)/4. Let o = -38 + j. What is the highest common divisor of 13 and o?
13
Let l = 6 - -8. Let q = 28 - l. Calculate the greatest common divisor of q and 35.
7
Suppose y - 5 = 3. Let k = -5 + y. Suppose 6 = 5*o - 39. Calculate the highest common factor of o and k.
3
Let p(r) = -r**2 + 8*r - 7. Let b be p(5). Calculate the greatest common divisor of 4 and b.
4
Let g be 259/2 + 1/2. Suppose 2*h - h - x - g = 0, 0 = -2*h - 4*x + 260. Suppose -c = c - h. What is the highest common divisor of c and 26?
13
Suppose 0 = 2*d, 8 = 2*r - 4*d - 0. Calculate the greatest common divisor of 28 and r.
4
Let s(i) = 4*i - 2. Let l be s(2). Let c be 147/18 - 80/(-96). What is the highest common divisor of c and l?
3
Let v = -60 + 164. Calculate the highest common divisor of v and 13.
13
Let w be (627/12)/((-3)/(-12)). What is the greatest common divisor of w and 19?
19
Let y = -21 - -25. Calculate the highest common factor of y and 36.
4
Let u(l) = -l**3 - 3*l**2 + 2*l. Let x be u(-4). Suppose 0 = k - 24 + x. Suppose -d - 4 + k = 0. What is the greatest common divisor of 4 and d?
4
Let f = 18 + -11. Suppose -n + 2*n - f = 0. Calculate the greatest common factor of n and 7.
7
Suppose -5*r = 3*c + 5, r + 26 = -4*c + 8. Let b be (16/c)/((-3)/15). What is the highest common factor of b and 40?
8
Suppose -10*r = -571 - 229. What is the greatest common factor of 10 and r?
10
Suppose 13*v - 12*v - 50 = 0. What is the greatest common divisor of 10 and v?
10
Let v be 27/(-36) - 94/(-8). Suppose 4*t + t - 5 = 0. Let d be -1*2 - -13*t. What is the greatest common factor of d and v?
11
Suppose j + 7 - 28 = -4*z, -4*z + 47 = 3*j. Calculate the highest common divisor of j and 104.
13
Let b(g) = 11*g**3 + 4*g**2 - 3*g + 1. Let c be b(2). Let t be (-9)/4 + (-4)/(-16). Let p be (t/(-3))/(2/27). What is the greatest common factor of p and c?
9
Let c be (7/21)/(1/12). Let k = 7 - c. Suppose 4 = y + k. What is the highest common factor of y and 1?
1
Suppose -h + 10 = -0*h. Suppose -l - h = -6*l. Let k be ((-4)/(-5))/(5/100). Calculate the greatest common divisor of k and l.
2
Suppose -5*s + l + 106 = 0, 2*s - 44 + 16 = 4*l. Calculate the greatest common divisor of s and 2.
2
Let d be (-1)/2 + 232/16. What is the highest common factor of d and 70?
14
Suppose 0*z - 5*z = 0. Suppose z = w + 9 - 174. Calculate the greatest common divisor of w and 15.
15
Let a be ((-18)/(-63))/((-1)/7). Let l(q) = -q**3 + 3*q**2 + 5*q + 4. Let b be l(a). What is the highest common divisor of b and 126?
14
Let p(x) = 10*x + 10. Let t be p(7). What is the highest common divisor of t and 16?
16
Let o be 50/(-18) + 6/(-27). Let r be (64/6)/(o/(-9)). Suppose 4*h - j - 33 = r, 2*j = -h + 23. Calculate the greatest common divisor of 68 and h.
17
Let i(l) = -3*l**3 - l**2 - 3. Let s(g) = g**3 - g**2 + g + 1. Let c(z) = i(z) + 4*s(z). Let v be c(4). Calculate the highest common factor of v and 5.
1
Let j(a) = -a**3 + a + 2. Let n be j(0). Calculate the highest common factor of 16 and n.
2
Let o(i) = -i + 2. Let z(u) = 3*u - 4. Let y(d) = -9*o(d) - 4*z(d). Let g be y(-3). What is the highest common factor of 35 and g?
7
Suppose 5 = t + o, 22 = 3*t - o - 13. What is the greatest common factor of 10 and t?
10
Let n be 2/((-4)/(-2)) - 2. Let x = 7 - n. What is the greatest common factor of x and 20?
4
Suppose 0*w - 24 = -t + 2*w, -3*t = 2*w - 40. Suppose 0 = -5*n - 4 - 6. Let j be (-2)/n - (-126)/2. What is the highest common divisor of j and t?
16
Let o(h) = -h + 3. Let i be o(-4). Let m be 170/6 - (-2)/(-6). What is the highest common divisor of i and m?
7
Suppose 2*w + 4 = 0, 3*f - 3*w = -0 + 12. Suppose -h + 11 = -4*t, f*h = -h + 5*t + 33. What is the highest common factor of h and 1?
1
Let p be 4/10 + (-36)/(-10). Let j be (p/(-3))/((-3)/9). Let g = -8 - -14. What is the highest common factor of g and j?
2
Suppose -3*r + 4 = -11. Let m = 9 - r. What is the greatest common factor of m and 16?
4
Suppose 70 = 5*w - 5*c, -5*c + 74 = w + 2*w. Calculate the highest common factor of 45 and w.
9
Let m be 9/2*(-12)/(-9). Let v be (2/(-6))/(m/(-36)). What is the highest common divisor of 10 and v?
2
Suppose 2*d + d - 120 = 0. Let s = 3 - -7. What is the highest common factor of s and d?
10
Suppose -m - 2*m + 42 = 0. Let w = 319 + -284. What is the highest common factor of w and m?
7
Let l be (-110)/(-7) - (-8)/28. Let x be l/(5/2 - 2). What is the greatest common divisor of x and 8?
8
Let q = 3 - 1. Let b = q - 0. Suppose -b*r - 3 = -15. Calculate the greatest com